
Let r(n) = 5*n + 49. Determine r(-11).
-6
Let f(n) = n**3 + 15*n**2 + 9*n - 74. What is f(-14)?
-4
Let f(z) = 3*z - 11. Calculate f(-3).
-20
Let w(d) = -2*d**3 + 2*d**2 - d + 2. Calculate w(2).
-8
Let c(h) = -4*h - 40. What is c(-10)?
0
Let h(b) = 3*b**3 - 5*b**2 + 5*b - 4. Give h(2).
10
Let d(x) = -x**2 - 13*x - 11. Determine d(-10).
19
Let h(g) = g + 7. Calculate h(-6).
1
Let a(o) = -o**3 + 2*o**2 + 46*o - 6. Give a(-6).
6
Let b(k) = -k**2 + 17*k - 80. Give b(10).
-10
Let r(t) = -3*t**2 + 4*t - 5. Calculate r(5).
-60
Let b(c) = 7*c**2 + 13*c - 9. What is b(-6)?
165
Let v(r) = -2*r**2 - 2*r + 4. Give v(-3).
-8
Let j(x) = x + 32. What is j(0)?
32
Let t(z) = z**3 - 15*z**2 + 12*z + 1. Determine t(14).
-27
Let z(j) = j**2 - 7*j - 51. What is z(11)?
-7
Let z(j) = -4*j**2 + 7*j - 12. Determine z(4).
-48
Let a(i) = -i**2 - i + 47. Give a(6).
5
Let t(p) = -p**3 + 8*p**2 - 10*p. Determine t(6).
12
Let f(s) = -15*s**2 + 2*s - 2. Determine f(2).
-58
Let k(w) = -13*w**3 + 4*w - 5. Give k(1).
-14
Let l(h) = 2*h**2 + 22*h - 252. Calculate l(7).
0
Let q(s) = -21*s**2 - 1. Determine q(1).
-22
Let l(s) = -15*s**2 + 2*s - 3. Give l(1).
-16
Let u(b) = -12*b**2 - b - 1. Calculate u(0).
-1
Let x(u) = u**3 - 21*u**2 + 38*u - 16. What is x(19)?
-16
Let s(b) = 4*b**3 - 10*b**2 - b - 6. Give s(3).
9
Let s(j) = -j**3 - 5*j**2 - 4*j + 4. Determine s(-4).
4
Let m(a) = a**3 + 32*a**2 + 34*a + 101. Calculate m(-31).
8
Let j(r) = 20*r + 132. What is j(-6)?
12
Let i(v) = -3*v - 6. Give i(0).
-6
Let i(u) = -u**3 - 3*u**2 + 4. Calculate i(-3).
4
Let f(l) = -36*l + 34. Give f(1).
-2
Let d(z) = -7*z - 1. What is d(-6)?
41
Let q(p) = p**2 - p - 42. Give q(-6).
0
Let u(y) = y**3 + 6*y**2 + y + 4. What is u(0)?
4
Let n(y) = -24*y - 67. Calculate n(-3).
5
Let d(v) = 15*v - 90. Determine d(6).
0
Let t(w) = w - 8. What is t(-4)?
-12
Let c(a) = -a**2 + 9*a + 27. Give c(11).
5
Let i(t) = -3*t - 8. Determine i(4).
-20
Let y(w) = -w**2 - 8*w + 9. Calculate y(4).
-39
Let k(i) = i**2 + 2*i - 22. What is k(4)?
2
Let c(b) = 2*b - 26. Calculate c(-13).
-52
Let d(f) = 9*f**2 - 8*f - 17. Determine d(-4).
159
Let q(v) = -v**3 + 8*v**2 + 33*v - 4. Determine q(11).
-4
Let u(v) = 3*v - 106. Give u(37).
5
Let j(c) = c**3 + 9*c**2 + 10*c - 5. Give j(-6).
43
Let i(t) = t**2 + 5*t + 1. Give i(-5).
1
Let q(w) = -8*w + 18. What is q(10)?
-62
Let m(z) = 8*z - 1. What is m(0)?
-1
Let z(x) = -x**3 - 19*x**2 + 62*x - 101. Give z(-22).
-13
Let i(l) = -l**2 - 27*l + 71. What is i(3)?
-19
Let j(u) = -2*u**2 - 5. Calculate j(3).
-23
Let j(b) = b**2 + 9*b + 7. Calculate j(-10).
17
Let t(c) = -4*c - 34. Determine t(-7).
-6
Let o(a) = a**3 - 30*a**2 + 177*a - 27. Calculate o(22).
-5
Let v(x) = 4*x - 38. Determine v(9).
-2
Let a(v) = v**2 - 12*v + 11. Calculate a(13).
24
Let k(q) = -5*q**3 - 5*q**2 + 10*q. Calculate k(2).
-40
Let z(y) = -y**3 - 8*y**2 - 4*y - 13. Determine z(-8).
19
Let m(h) = -13*h**3 - h + 2. Give m(1).
-12
Let s(h) = 3*h + 14. Determine s(-9).
-13
Let u(x) = x**3 - 12*x**2 + 33*x + 11. Determine u(5).
1
Let l(h) = -h**3 - 4*h**2 + 5*h - 7. Determine l(-4).
-27
Let v(q) = -q**2 + 34*q + 19. Determine v(35).
-16
Let i(y) = -23*y - 17. Give i(-1).
6
Let a(l) = -l**3 - 8*l**2 + 5*l + 2. Give a(-7).
-82
Let z(f) = -17*f - 317. Determine z(-19).
6
Let m(p) = 5*p - 3. Determine m(-2).
-13
Let t(v) = v**3 - 2*v**2 - 16*v. Give t(5).
-5
Let q(v) = -4*v + 71. What is q(18)?
-1
Let m(f) = f**3 - 3*f**2 - 11*f + 8. Give m(7).
127
Let v(k) = k**3 + 10*k**2 - 9*k + 1. Give v(-11).
-21
Let t(r) = 2*r**2 + 57*r + 26. Give t(-23).
-227
Let h(m) = -39*m + 814. Determine h(21).
-5
Let j(t) = 6*t + 1. What is j(1)?
7
Let s(f) = f**3 - f**2 - 10*f - 6. Give s(4).
2
Let l(r) = 3*r**2 + 6*r - 31. Give l(3).
14
Let i(p) = 3*p + 61. Determine i(-18).
7
Let y(o) = o - 10. What is y(7)?
-3
Let r(q) = -q - 12. Give r(9).
-21
Let v(i) = -i**2 - 4. Determine v(5).
-29
Let u(p) = -p**2 + 12*p - 29. Determine u(5).
6
Let a(p) = p**3 + p**2 - 22. Calculate a(0).
-22
Let q(m) = m. What is q(11)?
11
Let y(a) = a**3 + 100*a**2 - 99*a + 199. Determine y(-101).
-3
Let k(l) = -l**2 - 8*l - 1. What is k(-6)?
11
Let n(w) = w**2 + 7*w - 10. Determine n(-4).
-22
Let c(l) = l + 10. Determine c(11).
21
Let q(v) = v**2 - 24*v - 177. Determine q(-6).
3
Let j(r) = -10*r + 119. What is j(11)?
9
Let p(r) = -r**2 + 2*r + 20. Determine p(5).
5
Let z(u) = -u**3 - 4*u**2 - 5*u - 9. What is z(-5)?
41
Let v(h) = h**3 + 8*h**2 + 5*h + 13. Give v(-7).
27
Let d(g) = g**2 - 10*g - 37. Give d(16).
59
Let a(v) = -3*v**3 - 2*v**2 + 3*v - 3. Determine a(2).
-29
Let y(t) = -t**2 - 8*t + 68. Give y(-14).
-16
Let t(q) = -q**2 - 8*q - 1. What is t(-6)?
11
Let f(j) = -3*j + 46. Calculate f(5).
31
Let g(q) = q**2 - 7*q - 6. Give g(9).
12
Let c(x) = -x**2 + x - 3. Determine c(2).
-5
Let s(h) = -7*h + 1. Give s(1).
-6
Let q(v) = -6*v**3 + v**2 + v + 1. What is q(-1)?
7
Let w(l) = -6*l**3 - 2*l**2. Calculate w(-2).
40
Let i(d) = -d**3 - 3*d + 4. Calculate i(2).
-10
Let l(w) = -2*w**2 - 27*w - 30. Determine l(-12).
6
Let v(q) = q**3 + 29*q**2 + 2*q - 56. Give v(-29).
-114
Let s(a) = 11*a + 67. What is s(-6)?
1
Let l(j) = -j**3 - 9*j**2 + 12*j + 34. Calculate l(-10).
14
Let x(w) = -3*w - 9. What is x(-6)?
9
Let q(g) = 2*g**2 + 59*g + 30. Give q(-29).
1
Let w(a) = a**3 - 18*a**2 - 18*a - 7. Calculate w(19).
12
Let g(m) = -m + 9. Give g(-6).
15
Let o(a) = 25*a - 513. Give o(21).
12
Let b(m) = 4*m + 15. Calculate b(0).
15
Let k(i) = -i**2 + 10*i - 15. Calculate k(10).
-15
Let g(p) = -p**3 - 6*p**2 - 4*p + 3. Calculate g(-5).
-2
Let t(n) = -9*n + 7. What is t(0)?
7
Let q(b) = -b**2 + 9*b - 13. Determine q(10).
-23
Let a(q) = -29*q - 2. Determine a(1).
-31
Let w(l) = -2*l + 5. Determine w(11).
-17
Let p(u) = u**2 + 16*u + 15. Determine p(-11).
-40
Let l(o) = o + 8. What is l(-14)?
-6
Let f(c) = -2*c - 10. Give f(-2).
-6
Let x(m) = -m**3 - 4*m**2 + 2*m - 1. Calculate x(-5).
14
Let w(b) = -3*b**2 + 13*b + 1. What is w(5)?
-9
Let w(b) = 15*b**3 - b**2 - 2*b + 2. Determine w(1).
14
Let d(j) = j + 26. Determine d(-11).
15
Let s(g) = 5*g + 2. Determine s(-3).
-13
Let p(z) = z + 23. What is p(-10)?
13
Let k(q) = q**2 + 11*q - 19. Calculate k(-15).
41
Let s(z) = z + 60. What is s(29)?
89
Let m(u) = -33*u + 135. Calculate m(4).
3
Let m(d) = 4*d**2 + 10*d + 4. Give m(-7).
130
Let g(h) = -3*h - 30. Calculate g(-12).
6
Let b(l) = l**3 - 4*l**2 + 6*l - 5. Calculate b(3).
4
Let s(z) = 6*z - 38. What is s(6)?
-2
Let q(v) = 2*v**2 - v. Calculate q(1).
1
Let m(i) = -2*i**2 + 2*i + 17. What is m(8)?
-95
Let y(l) = -l**2 - 12*l - 9. Determine y(-4).
23
Let v(f) = -f - 10. Give v(-10).
0
Let j(q) = -6*q + 27. Determine j(16).
-69
Let h(y) = -y**2 + y + 40. Calculate h(8).
-16
Let d(l) = l**3 - 22*l**2 - 23*l + 1. Determine d(23).
1
Let q(j) = j**3 - 2*j**2 - 4*j - 30. Calculate q(4).
-14
Let c(w) = -2*w**3 - 6*w**2 - 12*w + 1. What is c(-3)?
37
Let z(m) = m**3 + 7*m**2 + 6*m + 37. Give z(-7).
-5
Let t(u) = -u**3 - 23*u**2 + 23*u - 19. Determine t(-24).
5
Let f(o) = -o**3 + 6*o**2 - 5*o + 1. Calculate f(4).
13
Let r(y) = -2*y - 16. Calculate r(-7).
-2
Let i(c) = c**2 - c + 2. Give i(1).
2
Let k(q) = -2*q**3 - 16*q**2 - 24. Give k(-8).
-24
Let t(a) = -50*a**3 - a**2 - 4*a - 2. Determine t(-1).
51
Let f(w) = w**3 + 13*w**2 + 43*w + 2. Give f(-7).
-5
Let o(c) = c**3 + 5*c**2 - c - 6. Give o(-6).
-36
Let w(j) = -j - 18. Give w(-4).
-14
Let v(k) = -k**3 - 3*k**2 + 7*k + 4. Give v(-5).
19
Let m(h) = -h**3 - 6*h**2 - 4*h + 4. Give m(-5).
-1
Let i(x) = -x**2 + 6. Determine i(4).
-10
Let o(x) = -x**2 + 13*x + 35. Determine o(9).
71
Let l(g) = -11*g**2 + 4*g - 3. What is l(1)?
-10
Let b(y) = -3*y**2 + 4*y - 2. Determine b(-3).
-41
Let w(q) = -q**3 + 11*q**2 + 100*q - 4. Give w(-6).
8
Let r(u) = -8*u + 37. Calculate r(4).
5
Let v(g) = -2*g + 5. Determine v(-9).
23
Let m(a) = -a**2 + 24*a - 37. Determine m(7).
82
Let q(w) = w - 15. Calculate q(12).
-3
Let r(a) = -a**2 - 14*a + 1. Give r(-14).
1
Let g(u) = 2*u**2 - 6*u + 8. Determine g(4).
16
Let h(d) = d**3 + 9*d**2 + 4*d - 37. Determine h(-8).
-5
Let j(c) = -c**3 - 8*c**2 - 6*c + 5. What is j(-5)?
-40
Let w(o) = -o**3 - 14*o**2 - 14*o - 11. Give w(-13).
2
Let i(p) = p**3 + 4*p**2 - p + 4. Calculate i(-5).
-16
Let q(h) = -h**3 + 6*h**2 - 4*h + 2. Giv